ppose -l = -2*k + 9243, -3*l + 7252 + 11229 = 4*k. Is k a composite number?
False
Suppose 12*j + 37*j - 4*j = 7299405. Is j a composite number?
False
Suppose -109*j + 104*j - 2348 = -4*o, j = 2*o - 1174. Is o a composite number?
False
Let c(b) = -b**3 - 4*b**2 + 2*b - 11. Let i be -4 - (-3)/(-5 - -2). Let u be c(i). Suppose -6*a - 90 = -5*q - a, -u*a = -2*q + 46. Is q prime?
True
Suppose -h + g = 371, 1097 = -21*h + 18*h - g. Let a = 1088 + h. Is a a composite number?
True
Is 673386/28*9/18*(3 + 1) prime?
False
Suppose 28 = 4*r + 5*y, -r - 4*y = -6*r - 6. Suppose 4*h = -r*h + 89826. Is h a prime number?
False
Suppose -4*f - 60 = -10*f. Let y be (1/(-2))/(f/(-100))*11. Let d = 468 - y. Is d prime?
False
Suppose 3*p + p = y + 1442, -3*y = -5*p + 1806. Let q = 1183 + p. Is q a prime number?
True
Let q = 13 + -9. Suppose -q*n - 188 = -3*x + 866, -n + 342 = x. Let u = x - -343. Is u prime?
False
Let p be (162 + 2)*(158/(-8))/(-1). Suppose -5*a = 2*j - p, 0*j - 2*j + 1298 = 2*a. Is a prime?
True
Suppose 3*u - 5*r + 15 = 2*u, -20 = -5*r. Suppose 2*c + 10712 = 4*q - 44722, -41572 = -3*q + u*c. Is q a composite number?
False
Let d(i) = 88*i**3 + 3*i**2 + 5*i - 5. Let g be d(4). Suppose 2964 = 166*b - 374686. Suppose -5*q + j = -3*q - b, -g = -5*q + 4*j. Is q composite?
True
Suppose 188385 = 3*n - 3*o, 2*n + 134*o = 130*o + 125602. Is n composite?
True
Let a = 213 + -208. Is (-10)/(-50) + 4384/a composite?
False
Let c be (-10)/(-3)*(2 - (-44)/(-55)). Suppose 15429 = c*z - 13703. Is z composite?
False
Let u(z) = -6*z**3 + 54*z**2 - 8*z + 61. Is u(-26) composite?
True
Suppose 4*u - u = -4*h - 51012, -3*h + 5*u = 38230. Let n = 19603 - h. Is n composite?
False
Let k(i) = 408*i**2 - 68*i - 177. Is k(8) a prime number?
True
Let q be ((-10)/25)/((-2)/(-10)). Let b be -1*(-4 - (q - -3)). Suppose 5*a + 2*i - 1095 = 0, b*i - 501 - 609 = -5*a. Is a a prime number?
False
Suppose -3*l = -10 - 5. Suppose 2*d - 4*d - 3 = v, -v = l*d + 3. Suppose 4*h = m + 225, d = -3*h + 4*m + m + 190. Is h a composite number?
True
Suppose -5*a - 34718 = -i, -2*a + 2*i - 1429 = 12463. Let h = 10046 + a. Is h composite?
True
Suppose -8*r + 6 = -7*r. Suppose -11*y + r*y = -30. Suppose -5*k - 111 = -y*k. Is k a prime number?
False
Let z(i) = i**2 + i + 1. Let a be z(-2). Suppose -a = 2*h - 4*g + 5, -2*h = 5*g + 17. Is (4404/(-9))/(10/h + 1) composite?
True
Suppose 3*p = 4*q - 818 + 5969, 1701 = p + 4*q. Suppose 3*i = 2*r - p, 5*r = i + 11 + 560. Let y = i + 822. Is y composite?
False
Suppose 745*b = 742*b - 3*l + 185469, 0 = 2*b + l - 123652. Is b composite?
True
Suppose -3*o = -0*o + 5*o. Suppose o = -12*g + 4*g + 1320. Let a = g - -313. Is a prime?
False
Let l(o) = 436*o + 31. Let c(p) = 435*p + 30. Let t(k) = -6*c(k) + 5*l(k). Let b be t(3). Let x = -512 - b. Is x prime?
False
Is 78/(-39)*224699/(-2) a prime number?
True
Suppose 6*a + 42*a + 278762 = 9245978. Is a a prime number?
False
Let c = 355024 - 191765. Is c prime?
True
Let r(w) = 6568*w + 10921. Is r(16) composite?
False
Suppose 2*g + 0*k - k + 30 = 0, -g + 5*k - 6 = 0. Let q be (g/8)/((-1)/2). Suppose 0 = -q*t, -t = -2*i - 3*t + 182. Is i prime?
False
Suppose -3*o = -2*q + 21862, 0 = 3*q - 35*o + 34*o - 32807. Is q prime?
True
Let k(h) = -4*h + 8. Let j be k(5). Let d be j/(-30) + 24/15. Suppose d*t = -3*x - 3*t + 1252, -2091 = -5*x - 4*t. Is x a prime number?
True
Let u(c) = 22*c**2 - 83*c - 382. Is u(-45) prime?
True
Let u be 2*(4*(-12)/(-16))/3. Suppose -u*x + 1817 = s, 5*s = 4*x - 3279 - 334. Is x a prime number?
True
Suppose -3*h + 1982 + 1099 = 0. Let j be (-5)/((-40)/24) - -2. Suppose 5*x - 3*n - h = -7*n, j*n + 188 = x. Is x composite?
True
Is (1 - -1253507)*((-6094)/(-264) - 23) a composite number?
False
Suppose 8*j - 6*j = -10, 0 = -3*u - 3*j + 26886. Suppose 267*w + u = 288*w. Is w composite?
True
Suppose 0 = 20*v - 21938512 + 8197572. Is v composite?
True
Suppose -4*n + 8 = -2*v, 3*n + 2*n - 4*v - 4 = 0. Suppose 1307 = 26*l - 21*l - n*p, 5*l = 3*p + 1304. Is l composite?
True
Let z be 359912/10 + (-1)/5. Let h be (-19)/(798/72)*(-14)/(-8)*-2. Suppose 0 = -h*o + 2127 + z. Is o a prime number?
True
Let g be (4 - (-109333)/35) + (-3)/(-15). Suppose 4*m - 1652 = g. Is m a composite number?
True
Let b be (-4)/6 - 28956/(-18). Suppose -25*d + 29*d = b. Let n = d + 449. Is n composite?
True
Suppose x = 2*x - 4. Suppose 4*j - 25 = j - x*g, -4*g = -5*j - 1. Suppose 4*k - 2*w = 502, -3*k - 2*k = j*w - 644. Is k a composite number?
False
Let n(y) = -5*y - 9. Let k be ((-9)/2 + -4)*2. Let m be n(k). Suppose 0 = -p + 135 + m. Is p a composite number?
False
Suppose 232377 + 1158436 = 39*g - 109634. Is g a prime number?
False
Suppose -104*f = 16*f + 16*f - 12592648. Is f a prime number?
True
Let b(l) = -3417*l - 8213. Is b(-6) a prime number?
True
Let j = 362 + -383. Let u(m) = -228*m + 73. Is u(j) a composite number?
False
Suppose i - 4*i = -p - 30, -5*p - 20 = -2*i. Let l be 4/(0 - i/305). Let v = 261 + l. Is v prime?
True
Let y = 3693 + -3695. Let o(t) = -2726*t - 16. Let i(j) = 909*j + 5. Let d(m) = 17*i(m) + 6*o(m). Is d(y) prime?
False
Suppose 25 = 11*b + 3. Suppose -2*p - 4*n = -3090, -3*n + 3070 = b*p - 4*n. Is p composite?
True
Let t be ((-2)/8*-5)/(104/416). Let c(h) = 124*h - 79. Is c(t) a prime number?
True
Let p(s) = -3*s - 9. Let h be p(-3). Suppose -6*c - c + 35 = h. Suppose -1147 + 3378 = 4*j - c*l, -1099 = -2*j - 3*l. Is j a prime number?
False
Let b(y) = -2*y**2 + 2*y. Let w be b(-5). Let v be (4 - 75/12)*(-3048)/18. Is (v/(-4))/(9/w) composite?
True
Let f be (1 - 70/6)/(7/(-1428)). Suppose 6*i = f + 10598. Is i prime?
True
Let v be ((-9)/72)/((-3)/12)*632. Suppose -318*t + 11674 = -v*t. Is t a prime number?
False
Let p = -1707583 + 2643444. Is p a prime number?
True
Suppose -o - 7678 = -3*f, 3671 - 1113 = f + o. Suppose 8*y = 5*y + f. Is y a prime number?
True
Let q(z) = 10649*z**2 + 37 - 10643*z**2 + 34 - 6*z. Is q(-26) a composite number?
False
Let p(t) = 466*t + 3. Let r be 30/(-165) - 202/(-22). Let u = r - 8. Is p(u) composite?
True
Suppose -155*h = 244*h - 133*h - 55577774. Is h a prime number?
False
Suppose -6*z + 66398 + 93892 = 0. Let v = z - 13774. Is v prime?
True
Let u = -10711 - -10714. Let w be 12183/9 + (-1)/(-3). Suppose u*g = s - 1790, -5*s + w = -2*g - 7635. Is s composite?
True
Let p(n) be the third derivative of 77*n**4/24 + 47*n**3/2 - 34*n**2. Is p(32) a prime number?
False
Suppose 11534 + 15552 = 2*x. Suppose 7*q - 234603 + 44931 = 0. Suppose 0 = 4*r - 4*v - q, 0*v = -2*r + 3*v + x. Is r composite?
False
Let m = -424 - -421. Is m/(9/12309)*-1 a prime number?
False
Suppose -37*x + 129127 = -451773. Let k = -6209 + x. Is k prime?
True
Let p = 85 - 57. Suppose -3*m = 2*d - 6 - 14, -4*d = 3*m - p. Suppose 171 = d*f - 641. Is f prime?
False
Let i(h) = -2*h - 1. Let m(k) = -84*k**2 + 100*k - 5. Let r(o) = -2*i(o) - m(o). Is r(6) a prime number?
False
Let l = -297 - -298. Let j(a) = 1081*a**3 - 2*a**2 + 3*a - 3. Is j(l) prime?
False
Let n(k) = 938*k + 75. Let w be n(-6). Let p = w + 11110. Is p prime?
True
Let a = 657 + -627. Is 6/a + 19684/5 a composite number?
True
Let t(j) = -j**3 - 8*j**2 + 9*j - 1. Let b be t(-9). Is -7 - (-156096)/27 - b/(-3) composite?
True
Suppose -2*f + 9*y + 1170508 = 0, 2*f + 1755867 = 5*f + 4*y. Is f a prime number?
False
Suppose 8163959 - 1258572 - 430394 = 7*u. Is u a prime number?
False
Suppose -3*u - 7*t = -2*t - 1287632, 429211 = u + 2*t. Is u a composite number?
True
Suppose x - 39 = 2*g + g, 0 = -2*g - x - 21. Let s be 4*374/6 - 8/g. Suppose -2250 + s = -4*u + 4*l, -4*u + 2009 = -l. Is u a composite number?
False
Suppose -36*l + 44536825 = -9834317 - 10600398. Is l prime?
False
Let g = 152088 - 90017. Is g a composite number?
False
Let w = -156516 - -96531. Is w/(-2) + (-6)/(-12) composite?
True
Suppose -308*n = -64*n + 97*n - 93825127. Is n prime?
True
Is (-3)/10 + (-624961883)/(-910) prime?
False
Let o = 16 - 14. Let h(v) = 275*v**2 + 4*v - 9. Is h(o) prime?
False
Let z(y) be the first derivative of -657*y**4/4 - 2*y**3/3 - 5*y**2 - 7*y - 217. Is z(-2) a composite number?
False
Let a(u) = u**2 - 13*u + 5. Let f be a(13). Suppose -f*p - 35 = -5*n, -6 - 14 = 5*p. Suppose -5663 = -2*l - n*q, l = -0*l - 4*q + 2829. Is l prime?
True
Suppose 75677 = 4*y - 2